REPLACE INTO `rvs_category` (`rvs_category_id`, `category_name`, `category_sh_name`) VALUES ('18', 'Industrial', 'id');
REPLACE INTO `rvs_charset` (`charset_id`, `charset_name`, `charset_value`, `xml_lang`) VALUES ('19', 'finnish', 'iso-8859-1', 'fi');
REPLACE INTO `rvs_color` (`color_id`, `color_name`, `color_code`) VALUES ('15', 'LightGreen', '90EE90');
REPLACE INTO `rvs_color_group` (`color_group_id`, `color_id`) VALUES ('3', '15');
REPLACE INTO `rvs_color_group_name` (`color_group_id`, `default_color_id`) VALUES ('3', '15');
REPLACE INTO `rvs_component` (`rvs_component_id`, `component_name`, `rvs_owner_usr_id`, `use_wysiwyg`) VALUES ('927984ce99eda324da74c061c3bdcd60', 'Photo_Album', 'da5181358f4a16d4cb52a16a66fb047c', '0');
REPLACE INTO `rvs_component` (`rvs_component_id`, `component_name`, `rvs_owner_usr_id`, `use_wysiwyg`) VALUES ('9417c4df10ebf0b635ef14ac7d7f4689', 'ComponentAndUserFramework', 'da5181358f4a16d4cb52a16a66fb047c', '0');
REPLACE INTO `rvs_component` (`rvs_component_id`, `component_name`, `rvs_owner_usr_id`, `use_wysiwyg`) VALUES ('ccdc997d12705aaae00fc16dbab7898c', 'Online_Form', 'da5181358f4a16d4cb52a16a66fb047c', '1');
REPLACE INTO `rvs_component` (`rvs_component_id`, `component_name`, `rvs_owner_usr_id`, `use_wysiwyg`) VALUES ('3132e0ba9cf101f6d84f327ec2614de4', 'Blog', 'da5181358f4a16d4cb52a16a66fb047c', '0');
REPLACE INTO `rvs_component_config` (`rvs_component_id`, `component_config`, `component_value`) VALUES ('927984ce99eda324da74c061c3bdcd60', 'active', '1');
REPLACE INTO `rvs_component_config` (`rvs_component_id`, `component_config`, `component_value`) VALUES ('927984ce99eda324da74c061c3bdcd60', 'isResellerConfig', '1');
REPLACE INTO `rvs_component_config` (`rvs_component_id`, `component_config`, `component_value`) VALUES ('9417c4df10ebf0b635ef14ac7d7f4689', 'active', '1');
REPLACE INTO `rvs_component_config` (`rvs_component_id`, `component_config`, `component_value`) VALUES ('9417c4df10ebf0b635ef14ac7d7f4689', 'isResellerConfig', '0');
REPLACE INTO `rvs_component_config` (`rvs_component_id`, `component_config`, `component_value`) VALUES ('ccdc997d12705aaae00fc16dbab7898c', 'active', '1');
REPLACE INTO `rvs_component_config` (`rvs_component_id`, `component_config`, `component_value`) VALUES ('ccdc997d12705aaae00fc16dbab7898c', 'isResellerConfig', '1');
REPLACE INTO `rvs_component_config` (`rvs_component_id`, `component_config`, `component_value`) VALUES ('3132e0ba9cf101f6d84f327ec2614de4', 'active', '1');
REPLACE INTO `rvs_component_config` (`rvs_component_id`, `component_config`, `component_value`) VALUES ('3132e0ba9cf101f6d84f327ec2614de4', 'isResellerConfig', '1');
REPLACE INTO `rvs_font` (`font_id`, `font_name`) VALUES ('12', 'Verdana');
REPLACE INTO `rvs_layout_template` (`layout_template_id`, `layout_template_name`, `layout_template_data`, `layout_template_desc`, `layout_template_preview`, `layout_template_head`, `layout_group_id`) VALUES ('6e3632261def517e1a8becfa67b500f4', 'General style 8', '<!-- ####### LAYOUT CSS: MODIFY COLOR, FONT AND BOX SIZE HERE BUT DO NOT DELETE. ####### -->\r\n\r\n<style type=\"text/css\">\r\n.type08bulletpad{\r\n		padding:5px 2px 0px 2px;\r\n		text-align:center;\r\n}\r\n.type08head{  \r\n		font-size:110%;\r\n		color:#595959;\r\n		font-weight:bold;\r\n		padding:7px 3px 7px 0px;\r\n}\r\n.type08line{\r\n		background-image:url(images/line.gif); \r\n		background-position: center; \r\n		background-repeat:repeat-x; \r\n		height:10px;\r\n}\r\n.type08bggray{background-color:#B5B5B5;\r\n}\r\n.type08bggray02{background-color:#E5E5E5;\r\n}\r\n.type08bgwhite{background-color:#FFFFFF;\r\n}\r\n.type08imgpadding{padding:9px 0px 15px 0px;\r\n}\r\n.type08pad15{padding-left:15px;\r\n}\r\n.type08txtbody{color:#717171;}\r\n</style>\r\n\r\n<!-- ########################### END CSS LAYOUT ###########################  -->\r\n<table cellpadding=\"0\" cellspacing=\"0\" id=\"rv_template_layout\">\r\n	  <tr>\r\n		<td align=\"left\" valign=\"top\">\r\n			<table cellpadding=\"0\" cellspacing=\"0\" width=\"100%\" class=\"type08bggray\">\r\n				<tr>\r\n					<td align=\"left\" valign=\"top\"><img src=\"images/corner01.gif\" alt=\"\" width=\"6\" height=\"6\" /></td>\r\n					<td width=\"99%\"><img src=\"images/spacer.gif\" alt=\"\" width=\"1\" height=\"6\" /></td>\r\n					<td align=\"right\" valign=\"top\"><img src=\"images/corner02.gif\" alt=\"\" width=\"7\" height=\"6\" /></td>\r\n				</tr>\r\n				<tr>\r\n					<td><img src=\"images/spacer.gif\" alt=\"\" width=\"6\" height=\"1\" /></td>\r\n					<td align=\"left\" valign=\"top\">\r\n						<table cellpadding=\"0\" cellspacing=\"0\" width=\"100%\" class=\"type08bgwhite\">\r\n							<tr>\r\n								<td align=\"left\" valign=\"top\"><img src=\"images/corner05.gif\" alt=\"\" width=\"7\" height=\"6\" /></td>\r\n								<td width=\"99%\"><img src=\"images/spacer.gif\" alt=\"\" width=\"1\" height=\"6\" /></td>\r\n								<td align=\"right\" valign=\"top\"><img src=\"images/corner06.gif\" alt=\"\" width=\"6\" height=\"6\" /></td>\r\n							</tr>\r\n							<tr>\r\n								<td></td>\r\n								<td align=\"left\" valign=\"top\">\r\n									<table cellpadding=\"0\" cellspacing=\"0\" width=\"100%\">\r\n										<tr>\r\n										  <td valign=\"top\" width=\"30%\" align=\"left\">\r\n										  	<table cellpadding=\"0\" cellspacing=\"0\" width=\"100%\" class=\"type08txtbody\">\r\n												<tr>\r\n												  <td class=\"type08imgpadding\" colspan=\"2\" align=\"left\"><img src=\"images/150x50.gif\" alt=\"\" width=\"150\" height=\"50\" /></td>\r\n												</tr>\r\n												<tr>\r\n												  <td class=\"type08bulletpad\" valign=\"top\" align=\"center\"><img src=\"images/arrow.gif\" alt=\"\" width=\"7\" height=\"5\" /></td>\r\n												  <td width=\"95%\" valign=\"top\">dolor sit amet, consetetur sadipscing elitr, sed diam nonumy eirmod tempor invidunt.</td>\r\n												</tr>\r\n												<tr>\r\n												  <td class=\"type08bulletpad\" valign=\"top\" align=\"center\"><img src=\"images/arrow.gif\" alt=\"\" width=\"7\" height=\"5\" /></td>\r\n												  <td width=\"95%\" valign=\"top\">dolor sit amet, consetetur sadipscing elitr, sed diam nonumy eirmod tempor invidunt.</td>\r\n												</tr>\r\n											</table>\r\n										  </td>\r\n										  <td valign=\"top\" align=\"left\">\r\n										  	<table cellpadding=\"0\" cellspacing=\"0\" width=\"100%\" class=\"type08txtbody\">\r\n												<tr>\r\n												  <td class=\"type08imgpadding\" colspan=\"2\" align=\"left\"><img src=\"images/150x50.gif\" alt=\"\" width=\"150\" height=\"50\" /></td>\r\n												</tr>\r\n												<tr>\r\n												  <td class=\"type08bulletpad\" valign=\"top\" align=\"center\"><img src=\"images/arrow.gif\" alt=\"\" width=\"7\" height=\"5\" /></td>\r\n												  <td width=\"95%\" valign=\"top\">dolor sit amet, consetetur sadipscing elitr, sed diam nonumy eirmod tempor invidunt.</td>\r\n												</tr>\r\n												<tr>\r\n												  <td class=\"type08bulletpad\" valign=\"top\" align=\"center\"><img src=\"images/arrow.gif\" alt=\"\" width=\"7\" height=\"5\" /></td>\r\n												  <td width=\"95%\" valign=\"top\">dolor sit amet, consetetur sadipscing elitr, sed diam nonumy eirmod tempor invidunt.</td>\r\n												</tr>\r\n											</table>\r\n										  </td>\r\n										  <td valign=\"top\" align=\"left\">\r\n										  	<table cellpadding=\"0\" cellspacing=\"0\" width=\"100%\" class=\"type08txtbody\">\r\n												<tr>\r\n												  <td class=\"type08imgpadding\" colspan=\"2\" align=\"left\"><img src=\"images/150x50.gif\" alt=\"\" width=\"150\" height=\"50\" /></td>\r\n												</tr>\r\n												<tr>\r\n												  <td class=\"type08bulletpad\" valign=\"top\" align=\"center\"><img src=\"images/arrow.gif\" alt=\"\" width=\"7\" height=\"5\" /></td>\r\n												  <td width=\"95%\" valign=\"top\">dolor sit amet, consetetur sadipscing elitr, sed diam nonumy eirmod tempor invidunt.</td>\r\n												</tr>\r\n												<tr>\r\n												  <td class=\"type08bulletpad\" valign=\"top\" align=\"center\"><img src=\"images/arrow.gif\" alt=\"\" width=\"7\" height=\"5\" /></td>\r\n												  <td width=\"95%\" valign=\"top\">dolor sit amet, consetetur sadipscing elitr, sed diam nonumy eirmod tempor invidunt.</td>\r\n												</tr>\r\n											</table>\r\n										  </td>\r\n										</tr>\r\n									</table>\r\n								</td>\r\n								<td><img src=\"images/spacer.gif\" alt=\"\" width=\"6\" height=\"1\" /></td>\r\n							</tr>\r\n							<tr>\r\n								<td align=\"left\" valign=\"bottom\"><img src=\"images/corner07.gif\" alt=\"\" width=\"7\" height=\"6\" /></td>\r\n								<td width=\"99%\"><img src=\"images/spacer.gif\" alt=\"\" width=\"1\" height=\"6\" /></td>\r\n								<td align=\"right\" valign=\"bottom\"><img src=\"images/corner08.gif\" alt=\"\" width=\"6\" height=\"6\" /></td>\r\n							</tr>\r\n						</table>\r\n					</td>\r\n				</tr>\r\n				<tr><td height=\"7\" colspan=\"3\"></td></tr>\r\n				<tr>\r\n					<td></td>\r\n					<td align=\"left\" valign=\"top\">\r\n						<table cellpadding=\"3\" cellspacing=\"0\" width=\"100%\">\r\n							<tr>\r\n								<td align=\"left\" valign=\"top\" width=\"35%\">\r\n									<table cellpadding=\"0\" cellspacing=\"0\" width=\"100%\" class=\"type08bgwhite\">\r\n										<tr>\r\n											<td align=\"left\" valign=\"top\"><img src=\"images/corner05.gif\" alt=\"\" width=\"7\" height=\"6\" /></td>\r\n											<td width=\"99%\"><img src=\"images/spacer.gif\" alt=\"\" width=\"1\" height=\"6\" /></td>\r\n											<td align=\"right\" valign=\"top\"><img src=\"images/corner06.gif\" alt=\"\" width=\"6\" height=\"6\" /></td>\r\n										</tr>\r\n										<tr>\r\n											<td></td>\r\n											<td align=\"left\" valign=\"top\">\r\n												<table cellpadding=\"0\" cellspacing=\"0\" width=\"100%\" class=\"type08txtbody\">\r\n													<tr>\r\n													  <td align=\"left\" valign=\"top\">\r\n														<div align=\"left\"><img src=\"images/quote01.gif\" alt=\"\" width=\"60\" height=\"44\" hspace=\"5\" vspace=\"5\" /></div>\r\n														<div align=\"left\">dolor sit amet, consetetur sadipscing elitr, sed diam nonumy eirmod tempor invidunt ut labore et dolore magna aliquyam erat, sed diam voluptua dolor sit amet, consetetur sadipscing elitr, sed diam nonumy eirmod tempor invidunt ut labore et dolore magna aliquyam erat,</div>\r\n														<div align=\"right\"><img src=\"images/quote02.gif\" alt=\"\" width=\"61\" height=\"43\" hspace=\"5\" vspace=\"5\" /></div>\r\n													  </td>\r\n													</tr>\r\n												</table>\r\n											</td>\r\n											<td></td>\r\n										</tr>\r\n										<tr>\r\n											<td align=\"left\" valign=\"bottom\"><img src=\"images/corner07.gif\" alt=\"\" width=\"7\" height=\"6\" /></td>\r\n											<td width=\"99%\"><img src=\"images/spacer.gif\" alt=\"\" width=\"1\" height=\"6\" /></td>\r\n											<td align=\"right\" valign=\"bottom\"><img src=\"images/corner08.gif\" alt=\"\" width=\"6\" height=\"6\" /></td>\r\n										</tr>\r\n									</table>\r\n								</td>\r\n								<td align=\"left\" valign=\"top\">\r\n									<table cellpadding=\"0\" cellspacing=\"0\" width=\"100%\" class=\"type08bgwhite\">\r\n										<tr>\r\n											<td align=\"left\" valign=\"top\"><img src=\"images/corner05.gif\" alt=\"\" width=\"7\" height=\"6\" /></td>\r\n											<td width=\"99%\"><img src=\"images/spacer.gif\" alt=\"\" width=\"1\" height=\"6\" /></td>\r\n											<td align=\"right\" valign=\"top\"><img src=\"images/corner06.gif\" alt=\"\" width=\"6\" height=\"6\" /></td>\r\n										</tr>\r\n										<tr>\r\n											<td></td>\r\n											<td align=\"left\" valign=\"top\">\r\n												<table cellpadding=\"0\" cellspacing=\"3\" width=\"100%\" class=\"type08txtbody\">\r\n													<tr>\r\n													  <td class=\"type08head\">magna aliquyam erat</td>\r\n													</tr>\r\n													<tr>\r\n													  <td valign=\"top\" class=\"type08pad15\">Lorem ipsum dolor sit amet, consetetur sadipscing elitr, sed diam nonumy eirmod tempor invidunt ut labore et dolore magna aliquyam erat, sed diam voluptua.</td>\r\n													</tr>\r\n													<tr><td class=\"type08line\"></td></tr>\r\n													<tr>\r\n													  <td valign=\"top\" class=\"type08pad15\">Lorem ipsum dolor sit amet, consetetur sadipscing elitr, sed diam nonumy eirmod tempor invidunt ut labore et dolore magna aliquyam erat, sed diam voluptua.</td>\r\n													</tr>\r\n													<tr><td class=\"type08line\"></td></tr>\r\n													<tr>\r\n													  <td valign=\"top\" class=\"type08pad15\">Lorem ipsum dolor sit amet, consetetur sadipscing elitr, sed diam nonumy eirmod tempor invidunt ut labore et dolore magna aliquyam erat, sed diam voluptua.</td>\r\n													</tr>\r\n												</table>\r\n											</td>\r\n											<td><img src=\"images/spacer.gif\" alt=\"\" width=\"6\" height=\"1\" /></td>\r\n										</tr>\r\n										<tr>\r\n											<td align=\"left\" valign=\"bottom\"><img src=\"images/corner07.gif\" alt=\"\" width=\"7\" height=\"6\" /></td>\r\n											<td width=\"99%\"><img src=\"images/spacer.gif\" alt=\"\" width=\"1\" height=\"6\" /></td>\r\n											<td align=\"right\" valign=\"bottom\"><img src=\"images/corner08.gif\" alt=\"\" width=\"6\" height=\"6\" /></td>\r\n										</tr>\r\n									</table>\r\n								</td>\r\n							</tr>\r\n						</table>\r\n					</td>\r\n				</tr>\r\n				<tr>\r\n					<td align=\"left\" valign=\"bottom\"><img src=\"images/corner03.gif\" alt=\"\" width=\"6\" height=\"6\" /></td>\r\n					<td width=\"99%\"><img src=\"images/spacer.gif\" alt=\"\" width=\"1\" height=\"6\" /></td>\r\n					<td align=\"right\" valign=\"bottom\"><img src=\"images/corner04.gif\" alt=\"\" width=\"6\" height=\"6\" /></td>\r\n				</tr>\r\n			</table>\r\n		</td>\r\n	</tr>\r\n</table>', '', 'b_layout08.jpg', '', '3');
REPLACE INTO `rvs_layout_group` (`layout_group_id`, `layout_group_name`, `layout_category_id`) VALUES ('3', 'general style', '1');
REPLACE INTO `rvs_navigator_name` (`navigator_name_id`, `navigator_name`) VALUES ('8', 'h_separate');
REPLACE INTO `rvs_navigator` (`navigator_id`, `menustyle_id`, `navigator_name_id`) VALUES ('117', '2', '7');
REPLACE INTO `forms` (`id`, `username`, `title`, `height`, `status`) VALUES ('5f37332ee59dd15b4004a0cf0f74d577', '91902c4852f39cea12c3a2e487ad43f5', 'Yhteydenotto', '640', 'Enabled');
REPLACE INTO `questions` (`form_id`, `id`, `order`, `type`) VALUES ('5f37332ee59dd15b4004a0cf0f74d577', '0', '1', 'control_textbox');
REPLACE INTO `questions` (`form_id`, `id`, `order`, `type`) VALUES ('5f37332ee59dd15b4004a0cf0f74d577', '2', '2', 'control_textbox');
REPLACE INTO `questions` (`form_id`, `id`, `order`, `type`) VALUES ('5f37332ee59dd15b4004a0cf0f74d577', '7', '4', 'control_textarea');
REPLACE INTO `questions` (`form_id`, `id`, `order`, `type`) VALUES ('5f37332ee59dd15b4004a0cf0f74d577', '12', '3', 'control_textbox');
REPLACE INTO `questions` (`form_id`, `id`, `order`, `type`) VALUES ('5f37332ee59dd15b4004a0cf0f74d577', '16', '5', 'control_button');
REPLACE INTO `question_properties` (`form_id`, `question_id`, `prop`, `value`) VALUES ('5f37332ee59dd15b4004a0cf0f74d577', '0', 'desc', '');
REPLACE INTO `question_properties` (`form_id`, `question_id`, `prop`, `value`) VALUES ('5f37332ee59dd15b4004a0cf0f74d577', '0', 'maxsize', '100');
REPLACE INTO `question_properties` (`form_id`, `question_id`, `prop`, `value`) VALUES ('5f37332ee59dd15b4004a0cf0f74d577', '0', 'required', 'yes');
REPLACE INTO `question_properties` (`form_id`, `question_id`, `prop`, `value`) VALUES ('5f37332ee59dd15b4004a0cf0f74d577', '0', 'senderemail', 'no');
REPLACE INTO `question_properties` (`form_id`, `question_id`, `prop`, `value`) VALUES ('5f37332ee59dd15b4004a0cf0f74d577', '0', 'size', '30');
REPLACE INTO `question_properties` (`form_id`, `question_id`, `prop`, `value`) VALUES ('5f37332ee59dd15b4004a0cf0f74d577', '0', 'text', 'Nimi:');
REPLACE INTO `question_properties` (`form_id`, `question_id`, `prop`, `value`) VALUES ('5f37332ee59dd15b4004a0cf0f74d577', '0', 'validation', 'no');
REPLACE INTO `question_properties` (`form_id`, `question_id`, `prop`, `value`) VALUES ('5f37332ee59dd15b4004a0cf0f74d577', '2', 'desc', '');
REPLACE INTO `question_properties` (`form_id`, `question_id`, `prop`, `value`) VALUES ('5f37332ee59dd15b4004a0cf0f74d577', '2', 'maxsize', '100');
REPLACE INTO `question_properties` (`form_id`, `question_id`, `prop`, `value`) VALUES ('5f37332ee59dd15b4004a0cf0f74d577', '2', 'required', 'yes');
REPLACE INTO `question_properties` (`form_id`, `question_id`, `prop`, `value`) VALUES ('5f37332ee59dd15b4004a0cf0f74d577', '2', 'senderemail', 'no');
REPLACE INTO `question_properties` (`form_id`, `question_id`, `prop`, `value`) VALUES ('5f37332ee59dd15b4004a0cf0f74d577', '2', 'size', '30');
REPLACE INTO `question_properties` (`form_id`, `question_id`, `prop`, `value`) VALUES ('5f37332ee59dd15b4004a0cf0f74d577', '2', 'text', 'Sähköposti:');
REPLACE INTO `question_properties` (`form_id`, `question_id`, `prop`, `value`) VALUES ('5f37332ee59dd15b4004a0cf0f74d577', '2', 'validation', 'no');
REPLACE INTO `question_properties` (`form_id`, `question_id`, `prop`, `value`) VALUES ('5f37332ee59dd15b4004a0cf0f74d577', '7', 'cols', '40');
REPLACE INTO `question_properties` (`form_id`, `question_id`, `prop`, `value`) VALUES ('5f37332ee59dd15b4004a0cf0f74d577', '7', 'desc', '');
REPLACE INTO `question_properties` (`form_id`, `question_id`, `prop`, `value`) VALUES ('5f37332ee59dd15b4004a0cf0f74d577', '7', 'required', 'yes');
REPLACE INTO `question_properties` (`form_id`, `question_id`, `prop`, `value`) VALUES ('5f37332ee59dd15b4004a0cf0f74d577', '7', 'rows', '10');
REPLACE INTO `question_properties` (`form_id`, `question_id`, `prop`, `value`) VALUES ('5f37332ee59dd15b4004a0cf0f74d577', '7', 'text', 'Viesti:');
REPLACE INTO `question_properties` (`form_id`, `question_id`, `prop`, `value`) VALUES ('5f37332ee59dd15b4004a0cf0f74d577', '7', 'validation', 'no');
REPLACE INTO `question_properties` (`form_id`, `question_id`, `prop`, `value`) VALUES ('5f37332ee59dd15b4004a0cf0f74d577', '12', 'desc', '');
REPLACE INTO `question_properties` (`form_id`, `question_id`, `prop`, `value`) VALUES ('5f37332ee59dd15b4004a0cf0f74d577', '12', 'maxsize', '60');
REPLACE INTO `question_properties` (`form_id`, `question_id`, `prop`, `value`) VALUES ('5f37332ee59dd15b4004a0cf0f74d577', '12', 'required', 'no');
REPLACE INTO `question_properties` (`form_id`, `question_id`, `prop`, `value`) VALUES ('5f37332ee59dd15b4004a0cf0f74d577', '12', 'senderemail', 'no');
REPLACE INTO `question_properties` (`form_id`, `question_id`, `prop`, `value`) VALUES ('5f37332ee59dd15b4004a0cf0f74d577', '12', 'size', '20');
REPLACE INTO `question_properties` (`form_id`, `question_id`, `prop`, `value`) VALUES ('5f37332ee59dd15b4004a0cf0f74d577', '12', 'text', 'Puhelin:');
REPLACE INTO `question_properties` (`form_id`, `question_id`, `prop`, `value`) VALUES ('5f37332ee59dd15b4004a0cf0f74d577', '12', 'validation', 'no');
REPLACE INTO `question_properties` (`form_id`, `question_id`, `prop`, `value`) VALUES ('5f37332ee59dd15b4004a0cf0f74d577', '16', 'clear', 'yes');
REPLACE INTO `question_properties` (`form_id`, `question_id`, `prop`, `value`) VALUES ('5f37332ee59dd15b4004a0cf0f74d577', '16', 'resettext', 'Tyhjennä');
REPLACE INTO `question_properties` (`form_id`, `question_id`, `prop`, `value`) VALUES ('5f37332ee59dd15b4004a0cf0f74d577', '16', 'submittext', 'Lähetä');
REPLACE INTO `question_properties` (`form_id`, `question_id`, `prop`, `value`) VALUES ('5f37332ee59dd15b4004a0cf0f74d577', '16', 'text', 'undefined');
REPLACE INTO `question_properties` (`form_id`, `question_id`, `prop`, `value`) VALUES ('5f37332ee59dd15b4004a0cf0f74d577', '999', 'alignment', 'default');
REPLACE INTO `question_properties` (`form_id`, `question_id`, `prop`, `value`) VALUES ('5f37332ee59dd15b4004a0cf0f74d577', '999', 'background', 'white');
REPLACE INTO `question_properties` (`form_id`, `question_id`, `prop`, `value`) VALUES ('5f37332ee59dd15b4004a0cf0f74d577', '999', 'conf_body', 'Thanks for submitting our form, we will get back to you as soon as possible.');
REPLACE INTO `question_properties` (`form_id`, `question_id`, `prop`, `value`) VALUES ('5f37332ee59dd15b4004a0cf0f74d577', '999', 'conf_send', 'no');
REPLACE INTO `question_properties` (`form_id`, `question_id`, `prop`, `value`) VALUES ('5f37332ee59dd15b4004a0cf0f74d577', '999', 'conf_subj', 'Kiitos viestistänne!');
REPLACE INTO `question_properties` (`form_id`, `question_id`, `prop`, `value`) VALUES ('5f37332ee59dd15b4004a0cf0f74d577', '999', 'disabled', 'Enabled');
REPLACE INTO `question_properties` (`form_id`, `question_id`, `prop`, `value`) VALUES ('5f37332ee59dd15b4004a0cf0f74d577', '999', 'email', 'yes');
REPLACE INTO `question_properties` (`form_id`, `question_id`, `prop`, `value`) VALUES ('5f37332ee59dd15b4004a0cf0f74d577', '999', 'email_addr', 'harri.hietala@2hpo.fi');
REPLACE INTO `question_properties` (`form_id`, `question_id`, `prop`, `value`) VALUES ('5f37332ee59dd15b4004a0cf0f74d577', '999', 'ext_sendpostdata', 'no');
REPLACE INTO `question_properties` (`form_id`, `question_id`, `prop`, `value`) VALUES ('5f37332ee59dd15b4004a0cf0f74d577', '999', 'font', 'Verdana');
REPLACE INTO `question_properties` (`form_id`, `question_id`, `prop`, `value`) VALUES ('5f37332ee59dd15b4004a0cf0f74d577', '999', 'fontcolor', '#524c4c');
REPLACE INTO `question_properties` (`form_id`, `question_id`, `prop`, `value`) VALUES ('5f37332ee59dd15b4004a0cf0f74d577', '999', 'fontsize', '12');
REPLACE INTO `question_properties` (`form_id`, `question_id`, `prop`, `value`) VALUES ('5f37332ee59dd15b4004a0cf0f74d577', '999', 'not_subj', 'New Submission: {qForm Title}');
REPLACE INTO `question_properties` (`form_id`, `question_id`, `prop`, `value`) VALUES ('5f37332ee59dd15b4004a0cf0f74d577', '999', 'rvcolor', '');
REPLACE INTO `question_properties` (`form_id`, `question_id`, `prop`, `value`) VALUES ('5f37332ee59dd15b4004a0cf0f74d577', '999', 'rvtheme', 'rvJotformThemeStyle4');
REPLACE INTO `question_properties` (`form_id`, `question_id`, `prop`, `value`) VALUES ('5f37332ee59dd15b4004a0cf0f74d577', '999', 'sendpostdata', 'yes');
REPLACE INTO `question_properties` (`form_id`, `question_id`, `prop`, `value`) VALUES ('5f37332ee59dd15b4004a0cf0f74d577', '999', 'spamcheck', 'Enabled');
REPLACE INTO `question_properties` (`form_id`, `question_id`, `prop`, `value`) VALUES ('5f37332ee59dd15b4004a0cf0f74d577', '999', 'thanktext', '<div>Kiitos viestistänne!</div>\n<div>&nbsp;</div>\n<div>Olemme yhteydessä mahdollisimman pian.</div>');
REPLACE INTO `question_properties` (`form_id`, `question_id`, `prop`, `value`) VALUES ('5f37332ee59dd15b4004a0cf0f74d577', '999', 'theme', 'Default');
REPLACE INTO `question_properties` (`form_id`, `question_id`, `prop`, `value`) VALUES ('5f37332ee59dd15b4004a0cf0f74d577', '999', 'use_buildin_formmail', 'yes');
REPLACE INTO `question_utf8` (`form_id`, `utf8format`) VALUES ('5f37332ee59dd15b4004a0cf0f74d577', '1');
REPLACE INTO `rvs_project_page_out_seggestion` (`project_page_id`, `out_suggestion_id`) VALUES ('ee27928b284bd4a9637d4b744ba30172', '');
REPLACE INTO `rvs_project_page_out_seggestion` (`project_page_id`, `out_suggestion_id`) VALUES ('dc4e15f6409453b6692d5a7eda541763', '2');
REPLACE INTO `rvs_project_page_out_seggestion` (`project_page_id`, `out_suggestion_id`) VALUES ('ec604af6f550261e978d46481b206a12', '');
REPLACE INTO `rvs_project_page_out_seggestion` (`project_page_id`, `out_suggestion_id`) VALUES ('a42b1611ba3b6cf1d120c9dc7f84af46', '9');
REPLACE INTO `rvs_project_page_out_seggestion` (`project_page_id`, `out_suggestion_id`) VALUES ('693008782a0741ef2523cd11b50ff2d3', '2');
REPLACE INTO `rvs_project_page_out_seggestion` (`project_page_id`, `out_suggestion_id`) VALUES ('4af771c20ff071a89a43b0eb661b85fe', '2');
REPLACE INTO `rvs_project_page_out_seggestion` (`project_page_id`, `out_suggestion_id`) VALUES ('b1af1138013935a360c084eeb724e8e0', '1');
REPLACE INTO `rvs_project_page_out_seggestion` (`project_page_id`, `out_suggestion_id`) VALUES ('ab067ca46b067e52f8fae620c7f73dba', '');
REPLACE INTO `rvs_out_suggestion` (`out_suggestion_id`, `out_suggestion_name`, `description_keylang`) VALUES ('2', 'About us', 'our suggestion About us description');
REPLACE INTO `rvs_out_suggestion` (`out_suggestion_id`, `out_suggestion_name`, `description_keylang`) VALUES ('9', 'Contact Us@@Online_Form', 'our suggestion Contact Us description');
REPLACE INTO `rvs_out_suggestion` (`out_suggestion_id`, `out_suggestion_name`, `description_keylang`) VALUES ('1', 'Home', 'our suggestion Home description');
REPLACE INTO `rvs_picture` (`picture_id`, `picture_name`) VALUES ('381bc04792f6483a749e90e8bda40422', 'building');
REPLACE INTO `rvs_project` (`project_id`, `project_info_id`, `rvs_usr_id`, `project_name`, `project_directory`, `utf8format`) VALUES ('91902c4852f39cea12c3a2e487ad43f5', '0babe80d26779594df323141a0b7ad86', 'b6bd15aff07de026c92d6c88d5ee7045', 'Konsultit 2HPO', '', '1');
REPLACE INTO `rvs_project_info` (`project_info_id`, `template_item_id`, `font_id`, `navigator_id`, `rvs_category_id`, `charset_id`, `project_company`, `project_slogan`, `project_logo`, `project_title`, `project_keyword`, `project_description`, `project_domain`, `check_step`, `effect_site_enter`, `duration_site_enter`, `last_update`, `layout_template_id`, `i_pathway`, `i_mail`, `i_print`, `i_favorite`, `no_slogan`, `no_company_name`, `navigator_name_id`) VALUES ('0babe80d26779594df323141a0b7ad86', 'd84ed6d3166fc9ae68fa3158dd013bfb', '12', '3feb0fb9ef059b392ded1363ee4ff0df', '18', '19', '<div><strong><font style=\"font-size: 24px\">Konsultit 2HPO</font></strong><br>\r\n</div>', '<div>Tutkimusta ja konsultointia asiakkaan ehdoilla</div>', 'NOPIC', 'Konsultit 2HPO', '', '2hpo.fi Blog', '2hpo.fi', '4', null, null, '1292414140', '6e3632261def517e1a8becfa67b500f4', '1', '1', '1', '1', '0', '0', '8');
REPLACE INTO `rvs_project_layout_page` (`project_id`, `project_page_id`, `parent_project_page_id`, `priority`) VALUES ('91902c4852f39cea12c3a2e487ad43f5', 'ee27928b284bd4a9637d4b744ba30172', '0', '6');
REPLACE INTO `rvs_project_layout_page` (`project_id`, `project_page_id`, `parent_project_page_id`, `priority`) VALUES ('91902c4852f39cea12c3a2e487ad43f5', 'dc4e15f6409453b6692d5a7eda541763', '0', '5');
REPLACE INTO `rvs_project_layout_page` (`project_id`, `project_page_id`, `parent_project_page_id`, `priority`) VALUES ('91902c4852f39cea12c3a2e487ad43f5', 'ec604af6f550261e978d46481b206a12', '0', '8');
REPLACE INTO `rvs_project_layout_page` (`project_id`, `project_page_id`, `parent_project_page_id`, `priority`) VALUES ('91902c4852f39cea12c3a2e487ad43f5', 'a42b1611ba3b6cf1d120c9dc7f84af46', '0', '7');
REPLACE INTO `rvs_project_layout_page` (`project_id`, `project_page_id`, `parent_project_page_id`, `priority`) VALUES ('91902c4852f39cea12c3a2e487ad43f5', '693008782a0741ef2523cd11b50ff2d3', '0', '4');
REPLACE INTO `rvs_project_layout_page` (`project_id`, `project_page_id`, `parent_project_page_id`, `priority`) VALUES ('91902c4852f39cea12c3a2e487ad43f5', '4af771c20ff071a89a43b0eb661b85fe', '0', '3');
REPLACE INTO `rvs_project_layout_page` (`project_id`, `project_page_id`, `parent_project_page_id`, `priority`) VALUES ('91902c4852f39cea12c3a2e487ad43f5', 'b1af1138013935a360c084eeb724e8e0', '0', '2');
REPLACE INTO `rvs_project_layout_page` (`project_id`, `project_page_id`, `parent_project_page_id`, `priority`) VALUES ('91902c4852f39cea12c3a2e487ad43f5', 'ab067ca46b067e52f8fae620c7f73dba', '0', '1');
REPLACE INTO `rvs_project_page` (`project_page_id`, `rvs_usr_id`, `page_name`, `custom_page_name`, `rvs_component_id`, `page_data`, `page_data_zone_2`, `page_data_zone_3`, `page_data_zone_4`, `colume_width_1`, `colume_width_2`, `colume_width_3`, `rvs_layout_id`, `head`, `page_title`, `meta_keyword`, `meta_description`, `effect_page_enter`, `duration_page_enter`, `meta_page_effect`, `rvs_link_id`, `target`, `form_template_id`, `i_pathway`, `i_mail`, `i_print`, `i_favorite`, `last_modifier`, `link_active`, `page_type`) VALUES ('ee27928b284bd4a9637d4b744ba30172', 'b6bd15aff07de026c92d6c88d5ee7045', 'Referenssit', '', '927984ce99eda324da74c061c3bdcd60', '<?php include \"albums_ee27928b284bd4a9637d4b744ba30172.php\"; ?>', null, null, null, null, null, null, '0', '', '', '', '', null, null, '', '', '', '', null, null, null, null, null, null, '');
REPLACE INTO `rvs_project_page` (`project_page_id`, `rvs_usr_id`, `page_name`, `custom_page_name`, `rvs_component_id`, `page_data`, `page_data_zone_2`, `page_data_zone_3`, `page_data_zone_4`, `colume_width_1`, `colume_width_2`, `colume_width_3`, `rvs_layout_id`, `head`, `page_title`, `meta_keyword`, `meta_description`, `effect_page_enter`, `duration_page_enter`, `meta_page_effect`, `rvs_link_id`, `target`, `form_template_id`, `i_pathway`, `i_mail`, `i_print`, `i_favorite`, `last_modifier`, `link_active`, `page_type`) VALUES ('dc4e15f6409453b6692d5a7eda541763', 'b6bd15aff07de026c92d6c88d5ee7045', 'Linkit', '', '0', '<h3><font style=\"font-size: large\" face=\"Verdana\">Linkit</font></h3>\n<div><font style=\"font-size: small\">&nbsp;</font></div>\n<div>\n<div><font style=\"font-size: small\">Linkki </font></div></div>\n<div>\n<div>&nbsp;</div></div>', '<br />', null, null, null, null, null, '4', '', '', '', '', null, null, '', '', '', '', null, null, null, null, '1292412656', null, '');
REPLACE INTO `rvs_project_page` (`project_page_id`, `rvs_usr_id`, `page_name`, `custom_page_name`, `rvs_component_id`, `page_data`, `page_data_zone_2`, `page_data_zone_3`, `page_data_zone_4`, `colume_width_1`, `colume_width_2`, `colume_width_3`, `rvs_layout_id`, `head`, `page_title`, `meta_keyword`, `meta_description`, `effect_page_enter`, `duration_page_enter`, `meta_page_effect`, `rvs_link_id`, `target`, `form_template_id`, `i_pathway`, `i_mail`, `i_print`, `i_favorite`, `last_modifier`, `link_active`, `page_type`) VALUES ('ec604af6f550261e978d46481b206a12', 'b6bd15aff07de026c92d6c88d5ee7045', 'ComponentAndUserFramework', '', '9417c4df10ebf0b635ef14ac7d7f4689', '', null, null, null, null, null, null, '0', '', '', '', '', null, null, '', '', '', '', null, null, null, null, null, null, '');
REPLACE INTO `rvs_project_page` (`project_page_id`, `rvs_usr_id`, `page_name`, `custom_page_name`, `rvs_component_id`, `page_data`, `page_data_zone_2`, `page_data_zone_3`, `page_data_zone_4`, `colume_width_1`, `colume_width_2`, `colume_width_3`, `rvs_layout_id`, `head`, `page_title`, `meta_keyword`, `meta_description`, `effect_page_enter`, `duration_page_enter`, `meta_page_effect`, `rvs_link_id`, `target`, `form_template_id`, `i_pathway`, `i_mail`, `i_print`, `i_favorite`, `last_modifier`, `link_active`, `page_type`) VALUES ('a42b1611ba3b6cf1d120c9dc7f84af46', 'b6bd15aff07de026c92d6c88d5ee7045', 'Yhteydenotto', '', 'ccdc997d12705aaae00fc16dbab7898c', '<img alt=\"\" class=\"jotForm\" id=\"DragAndDropForm_5f37332ee59dd15b4004a0cf0f74d577\" name=\"DragAndDropForm_5f37332ee59dd15b4004a0cf0f74d577\" src=\"//server2.hostingpalvelu.fi:2083/3rdparty/rvsitebuilder/themes/default/sitebuilder/images/spacer.gif\" frmid=\"5f37332ee59dd15b4004a0cf0f74d577\" formtype=\"jotform\" width=\"600\" align=\"center\" border=\"1\" height=\"600\" /><br />\n<div>&nbsp;</div>\n<div>&nbsp;</div>\n<div>&nbsp;</div>\n<div>&nbsp;</div>', null, null, null, null, null, null, '1', '', '', '', '', null, null, '', '', '', '', null, null, null, null, '1292412102', null, '');
REPLACE INTO `rvs_project_page` (`project_page_id`, `rvs_usr_id`, `page_name`, `custom_page_name`, `rvs_component_id`, `page_data`, `page_data_zone_2`, `page_data_zone_3`, `page_data_zone_4`, `colume_width_1`, `colume_width_2`, `colume_width_3`, `rvs_layout_id`, `head`, `page_title`, `meta_keyword`, `meta_description`, `effect_page_enter`, `duration_page_enter`, `meta_page_effect`, `rvs_link_id`, `target`, `form_template_id`, `i_pathway`, `i_mail`, `i_print`, `i_favorite`, `last_modifier`, `link_active`, `page_type`) VALUES ('693008782a0741ef2523cd11b50ff2d3', 'b6bd15aff07de026c92d6c88d5ee7045', 'Yhteistyökumppanit', '', '0', '<h3><font style=\"font-size: large\" face=\"Verdana\">Yhteistyökumppanit</font></h3>\n<div><font style=\"font-size: small\">&nbsp;</font></div>\n<div><font style=\"font-size: small\">Tähän tulee jatkossa yhteistyökumppaneitamme. </font></div>\n<div><font style=\"font-size: small\">&nbsp;</font></div>', '<br />', null, null, null, null, null, '4', '', '', '', '', null, null, '', '', '', '', null, null, null, null, '1292412586', null, '');
REPLACE INTO `rvs_project_page` (`project_page_id`, `rvs_usr_id`, `page_name`, `custom_page_name`, `rvs_component_id`, `page_data`, `page_data_zone_2`, `page_data_zone_3`, `page_data_zone_4`, `colume_width_1`, `colume_width_2`, `colume_width_3`, `rvs_layout_id`, `head`, `page_title`, `meta_keyword`, `meta_description`, `effect_page_enter`, `duration_page_enter`, `meta_page_effect`, `rvs_link_id`, `target`, `form_template_id`, `i_pathway`, `i_mail`, `i_print`, `i_favorite`, `last_modifier`, `link_active`, `page_type`) VALUES ('4af771c20ff071a89a43b0eb661b85fe', 'b6bd15aff07de026c92d6c88d5ee7045', 'Palvelut', '', '0', '<h3><font style=\"font-size: large\" face=\"Verdana\">Palvelumme</font></h3>\n<div><font style=\"font-size: small\">&nbsp;</font></div>\n<div><font style=\"font-size: small\">fgdfgdfg </font></div>\n<div><font style=\"font-size: small\">&nbsp;</font></div>', '<br />', null, null, null, null, null, '4', '', '', '', '', null, null, '', '', '', '', null, null, null, null, '1292412466', null, '');
REPLACE INTO `rvs_project_page` (`project_page_id`, `rvs_usr_id`, `page_name`, `custom_page_name`, `rvs_component_id`, `page_data`, `page_data_zone_2`, `page_data_zone_3`, `page_data_zone_4`, `colume_width_1`, `colume_width_2`, `colume_width_3`, `rvs_layout_id`, `head`, `page_title`, `meta_keyword`, `meta_description`, `effect_page_enter`, `duration_page_enter`, `meta_page_effect`, `rvs_link_id`, `target`, `form_template_id`, `i_pathway`, `i_mail`, `i_print`, `i_favorite`, `last_modifier`, `link_active`, `page_type`) VALUES ('b1af1138013935a360c084eeb724e8e0', 'b6bd15aff07de026c92d6c88d5ee7045', 'Etusivu', '', '0', '<h3>\n<p><font style=\"font-size: large\" face=\"Verdana\"><strong>2HPO - tutkimusta ja konsultointia asiakkaan ehdoilla</strong></font></p></h3>\n<div><font style=\"font-size: small\">&nbsp;</font></div>\n<div><font style=\"font-size: small\">dsd </font></div>\n<div>&nbsp;</div>', null, null, null, null, null, null, '1', '', '', '', '', null, null, '', '', '', '', null, null, null, null, '1292412311', null, '');
REPLACE INTO `rvs_project_page` (`project_page_id`, `rvs_usr_id`, `page_name`, `custom_page_name`, `rvs_component_id`, `page_data`, `page_data_zone_2`, `page_data_zone_3`, `page_data_zone_4`, `colume_width_1`, `colume_width_2`, `colume_width_3`, `rvs_layout_id`, `head`, `page_title`, `meta_keyword`, `meta_description`, `effect_page_enter`, `duration_page_enter`, `meta_page_effect`, `rvs_link_id`, `target`, `form_template_id`, `i_pathway`, `i_mail`, `i_print`, `i_favorite`, `last_modifier`, `link_active`, `page_type`) VALUES ('ab067ca46b067e52f8fae620c7f73dba', 'b6bd15aff07de026c92d6c88d5ee7045', 'Blogi', '', '3132e0ba9cf101f6d84f327ec2614de4', '', null, null, null, null, null, null, '0', '', '', '', '', null, null, '', '', '', '', null, null, null, null, null, null, '');
REPLACE INTO `rvs_publish` (`project_id`, `rvs_publish_protocal`, `rvs_publish_domain`, `rvs_publish_path`) VALUES ('91902c4852f39cea12c3a2e487ad43f5', 'http', '2hpo.com', '/konsultit');
REPLACE INTO `rvs_side_to_project` (`rvs_side_id`, `project_id`) VALUES ('04ac1eec5988d6fa1f7eebfbfe5903f0', '91902c4852f39cea12c3a2e487ad43f5');
REPLACE INTO `rvs_side` (`rvs_side_id`, `side_config`, `side_value`) VALUES ('04ac1eec5988d6fa1f7eebfbfe5903f0', 'side1', '<div>\r\n<div>&nbsp;</div></div>\r\n<div>\r\n<div><font face=\"Verdana\">&nbsp;</font></div></div>\r\n<div>\r\n<div><font face=\"Verdana\">&nbsp;</font></div></div>\r\n<div>\r\n<div>\r\n<div>\r\n<div><font face=\"Verdana\">&nbsp;</font></div>\r\n<div style=\"background-color: #e2e2e2\" align=\"left\"><font face=\"Verdana\"><strong>Konsultit 2HPO</strong></font></div>\r\n<div style=\"background-color: #e2e2e2\"><font face=\"Verdana\"><strong>&nbsp;</strong></font></div>\r\n<div style=\"background-color: #e2e2e2\" align=\"left\"><font face=\"Verdana\"><strong>Ekonomisti</strong></font></div>\r\n<div style=\"background-color: #e2e2e2\" align=\"left\"><font face=\"Verdana\"><strong>Harri hietala</strong></font></div>\r\n<div style=\"background-color: #e2e2e2\"><font face=\"Verdana\"><strong>&nbsp;</strong></font></div>\r\n<div style=\"background-color: #e2e2e2\" align=\"left\"><font face=\"Verdana\"><strong>Valhallankuja 1 F 6</strong></font></div>\r\n<div style=\"background-color: #e2e2e2\" align=\"left\"><font face=\"Verdana\"><strong>01200 Vantaa</strong></font></div>\r\n<div style=\"background-color: #e2e2e2\"><font face=\"Verdana\"><strong>&nbsp;</strong></font></div>\r\n<div style=\"background-color: #e2e2e2\" align=\"left\"><font face=\"Verdana\"><strong>0500 - 789 906</strong></font></div>\r\n<div style=\"background-color: #e2e2e2\"><font face=\"Verdana\"><strong>&nbsp;</strong></font></div></div>\r\n<div style=\"background-color: #e2e2e2\" align=\"left\"><font face=\"Verdana\"><strong><a href=\"mailto:harri.hietala@2hpo.fi\" title=\"\">harri.hietala@2hpo.fi</a></strong></font></div>\r\n<div style=\"background-color: #e2e2e2\" align=\"left\"><font face=\"Verdana\"><strong><a href=\"http://www.2hpo.fi/konsultit\" title=\"\" target=\"_self\">http://www.2hpo.fi/konsultit</a></strong></font></div>\r\n<div>\r\n<div><font face=\"Verdana\"><br />\r\n<br xmlns=\"http://www.w3.org/1999/xhtml\" /></font><font face=\"Verdana\">&nbsp;</font></div></div></div></div>');
REPLACE INTO `rvs_template_item` (`template_item_id`, `products_id`, `template_id`, `template_item_folder`, `template_type_s_preview`, `color_id`, `picture_id`) VALUES ('d84ed6d3166fc9ae68fa3158dd013bfb', '18-305-3', 'aecd69c5b2a1bccfbbddc88c613a0be7', 'pro_18-305-3_lightgreen_building_2', 'jpg', '15', '381bc04792f6483a749e90e8bda40422');
REPLACE INTO `rvs_template_item_navigator_color` (`template_item_id`, `custom_color_group_id`) VALUES ('d84ed6d3166fc9ae68fa3158dd013bfb', '3');
REPLACE INTO `rvs_template` (`template_id`, `default_template_item_id`, `default_template_item_id2`, `font_id`, `menustyle_id`, `navigator_id`, `default_layout_id`, `sort_priority`, `cdate`) VALUES ('aecd69c5b2a1bccfbbddc88c613a0be7', 'aecd69c5b2a1bccfbbddc88c613a0be7', '', '12', '2', '117', '6e3632261def517e1a8becfa67b500f4', '200', '1221004800');
REPLACE INTO `rvs_menustyle` (`menustyle_id`, `menustyle_description`) VALUES ('2', 'horizontal');
REPLACE INTO `rvs_template_categories_xref` (`template_id`, `rvs_category_id`) VALUES ('aecd69c5b2a1bccfbbddc88c613a0be7', '18');
REPLACE INTO `rvs_template_type_xref` (`template_id`, `template_type_id`) VALUES ('aecd69c5b2a1bccfbbddc88c613a0be7', '2');
REPLACE INTO `rvs_template_type` (`template_type_id`, `template_type_name`) VALUES ('2', 'Two-tone');
REPLACE INTO `rvs_usr` (`rvs_usr_id`, `user_name`) VALUES ('b6bd15aff07de026c92d6c88d5ee7045', 'hpofi');
